{"id":2278,"date":"2024-05-03T10:01:19","date_gmt":"2024-05-03T08:01:19","guid":{"rendered":"http:\/\/odabrano.com\/?page_id=2278"},"modified":"2024-09-13T03:35:45","modified_gmt":"2024-09-13T01:35:45","slug":"hak","status":"publish","type":"page","link":"https:\/\/odabrano.com\/index.php\/hak\/","title":{"rendered":"Hak karta &#8211; planer putovanja"},"content":{"rendered":"<p><iframe loading=\"lazy\" src=\"https:\/\/go.hak.hr\/236617145\" width=\"1100\" height=\"550\" frameborder=\"0\" allowfullscreen ><\/iframe><\/p>\n\n\n<p>Zumiraj kartu na po\u010detnu poziciju, klikni na nju i u prozor\u010di\u0107u koji se otvori odaberi &#8220;Dodaj u rutu&#8221;. Zatim idi na odredi\u0161nu poziciju, zumiraj ako treba, klikni na nju i ponovo odaberi &#8220;Dodaj u rutu&#8221;. Dobit \u0107ete plavu rutu na karti izme\u0111u te dvije pozicije i sivu alternativnu ako postoji. Dobijate i izra\u010dun potro\u0161nje goriva prema ranije unesenim parametrima.<br><br>Sve se to lako radi na laptopu mi\u0161em, a na mobitelu prstima prili\u010dno te\u017ee.<\/p>\n\n\n\n<p>Da bi poni\u0161tili postoje\u0107u rutu treba kliknuti na postoje\u0107e pozicije i odabrati &#8220;Izbaci iz rute&#8221; pa se onda mo\u017ee odabrati nova ruta.<\/p>\n","protected":false},"excerpt":{"rendered":"<p>Zumiraj kartu na po\u010detnu poziciju, klikni na nju i u prozor\u010di\u0107u koji se otvori odaberi &#8220;Dodaj u rutu&#8221;. Zatim idi na odredi\u0161nu poziciju, zumiraj ako treba, klikni na nju i ponovo odaberi &#8220;Dodaj u rutu&#8221;. Dobit \u0107ete plavu rutu na karti izme\u0111u te dvije pozicije i sivu alternativnu ako postoji. Dobijate i izra\u010dun potro\u0161nje goriva &hellip;<\/p>\n","protected":false},"author":1,"featured_media":0,"parent":0,"menu_order":0,"comment_status":"closed","ping_status":"closed","template":"","meta":{"_monsterinsights_skip_tracking":false,"_monsterinsights_sitenote_active":false,"_monsterinsights_sitenote_note":"","_monsterinsights_sitenote_category":0,"footnotes":""},"class_list":["post-2278","page","type-page","status-publish",""],"yoast_head":"<!-- This site is optimized with the Yoast SEO plugin v22.1 - https:\/\/yoast.com\/wordpress\/plugins\/seo\/ -->\n<title>Hak karta - planer putovanja - odabrano<\/title>\n<meta name=\"robots\" content=\"index, follow, max-snippet:-1, max-image-preview:large, max-video-preview:-1\" \/>\n<link rel=\"canonical\" href=\"https:\/\/odabrano.com\/index.php\/hak\/\" \/>\n<meta property=\"og:locale\" content=\"en_US\" \/>\n<meta property=\"og:type\" content=\"article\" \/>\n<meta property=\"og:title\" content=\"Hak karta - planer putovanja - odabrano\" \/>\n<meta property=\"og:description\" content=\"Zumiraj kartu na po\u010detnu poziciju, klikni na nju i u prozor\u010di\u0107u koji se otvori odaberi &#8220;Dodaj u rutu&#8221;. Zatim idi na odredi\u0161nu poziciju, zumiraj ako treba, klikni na nju i ponovo odaberi &#8220;Dodaj u rutu&#8221;. Dobit \u0107ete plavu rutu na karti izme\u0111u te dvije pozicije i sivu alternativnu ako postoji. Dobijate i izra\u010dun potro\u0161nje goriva &hellip;\" \/>\n<meta property=\"og:url\" content=\"https:\/\/odabrano.com\/index.php\/hak\/\" \/>\n<meta property=\"og:site_name\" content=\"odabrano\" \/>\n<meta property=\"article:modified_time\" content=\"2024-09-13T01:35:45+00:00\" \/>\n<meta name=\"twitter:card\" content=\"summary_large_image\" \/>\n<meta name=\"twitter:label1\" content=\"Est. reading time\" \/>\n\t<meta name=\"twitter:data1\" content=\"1 minute\" \/>\n<script type=\"application\/ld+json\" class=\"yoast-schema-graph\">{\"@context\":\"https:\/\/schema.org\",\"@graph\":[{\"@type\":\"WebPage\",\"@id\":\"https:\/\/odabrano.com\/index.php\/hak\/\",\"url\":\"https:\/\/odabrano.com\/index.php\/hak\/\",\"name\":\"Hak karta - planer putovanja - odabrano\",\"isPartOf\":{\"@id\":\"https:\/\/odabrano.com\/#website\"},\"datePublished\":\"2024-05-03T08:01:19+00:00\",\"dateModified\":\"2024-09-13T01:35:45+00:00\",\"breadcrumb\":{\"@id\":\"https:\/\/odabrano.com\/index.php\/hak\/#breadcrumb\"},\"inLanguage\":\"en-US\",\"potentialAction\":[{\"@type\":\"ReadAction\",\"target\":[\"https:\/\/odabrano.com\/index.php\/hak\/\"]}]},{\"@type\":\"BreadcrumbList\",\"@id\":\"https:\/\/odabrano.com\/index.php\/hak\/#breadcrumb\",\"itemListElement\":[{\"@type\":\"ListItem\",\"position\":1,\"name\":\"Home\",\"item\":\"https:\/\/odabrano.com\/\"},{\"@type\":\"ListItem\",\"position\":2,\"name\":\"Hak karta &#8211; planer putovanja\"}]},{\"@type\":\"WebSite\",\"@id\":\"https:\/\/odabrano.com\/#website\",\"url\":\"https:\/\/odabrano.com\/\",\"name\":\"odabrano\",\"description\":\"news portal koji nudi odabrane vijesti i informacije\",\"publisher\":{\"@id\":\"https:\/\/odabrano.com\/#\/schema\/person\/460f2b14657879743f23c4f6a7cd3236\"},\"alternateName\":\"vijesti i informacije iz Hrvatske i svijeta\",\"potentialAction\":[{\"@type\":\"SearchAction\",\"target\":{\"@type\":\"EntryPoint\",\"urlTemplate\":\"https:\/\/odabrano.com\/?s={search_term_string}\"},\"query-input\":\"required name=search_term_string\"}],\"inLanguage\":\"en-US\"},{\"@type\":[\"Person\",\"Organization\"],\"@id\":\"https:\/\/odabrano.com\/#\/schema\/person\/460f2b14657879743f23c4f6a7cd3236\",\"name\":\"admin\",\"image\":{\"@type\":\"ImageObject\",\"inLanguage\":\"en-US\",\"@id\":\"https:\/\/odabrano.com\/#\/schema\/person\/image\/\",\"url\":\"https:\/\/odabrano.com\/wp-content\/uploads\/2024\/04\/dolar.jpg\",\"contentUrl\":\"https:\/\/odabrano.com\/wp-content\/uploads\/2024\/04\/dolar.jpg\",\"width\":1216,\"height\":519,\"caption\":\"admin\"},\"logo\":{\"@id\":\"https:\/\/odabrano.com\/#\/schema\/person\/image\/\"},\"sameAs\":[\"http:\/\/odabrano.com\"]}]}<\/script>\n<!-- \/ Yoast SEO plugin. -->","yoast_head_json":{"title":"Hak karta - planer putovanja - odabrano","robots":{"index":"index","follow":"follow","max-snippet":"max-snippet:-1","max-image-preview":"max-image-preview:large","max-video-preview":"max-video-preview:-1"},"canonical":"https:\/\/odabrano.com\/index.php\/hak\/","og_locale":"en_US","og_type":"article","og_title":"Hak karta - planer putovanja - odabrano","og_description":"Zumiraj kartu na po\u010detnu poziciju, klikni na nju i u prozor\u010di\u0107u koji se otvori odaberi &#8220;Dodaj u rutu&#8221;. Zatim idi na odredi\u0161nu poziciju, zumiraj ako treba, klikni na nju i ponovo odaberi &#8220;Dodaj u rutu&#8221;. Dobit \u0107ete plavu rutu na karti izme\u0111u te dvije pozicije i sivu alternativnu ako postoji. Dobijate i izra\u010dun potro\u0161nje goriva &hellip;","og_url":"https:\/\/odabrano.com\/index.php\/hak\/","og_site_name":"odabrano","article_modified_time":"2024-09-13T01:35:45+00:00","twitter_card":"summary_large_image","twitter_misc":{"Est. reading time":"1 minute"},"schema":{"@context":"https:\/\/schema.org","@graph":[{"@type":"WebPage","@id":"https:\/\/odabrano.com\/index.php\/hak\/","url":"https:\/\/odabrano.com\/index.php\/hak\/","name":"Hak karta - planer putovanja - odabrano","isPartOf":{"@id":"https:\/\/odabrano.com\/#website"},"datePublished":"2024-05-03T08:01:19+00:00","dateModified":"2024-09-13T01:35:45+00:00","breadcrumb":{"@id":"https:\/\/odabrano.com\/index.php\/hak\/#breadcrumb"},"inLanguage":"en-US","potentialAction":[{"@type":"ReadAction","target":["https:\/\/odabrano.com\/index.php\/hak\/"]}]},{"@type":"BreadcrumbList","@id":"https:\/\/odabrano.com\/index.php\/hak\/#breadcrumb","itemListElement":[{"@type":"ListItem","position":1,"name":"Home","item":"https:\/\/odabrano.com\/"},{"@type":"ListItem","position":2,"name":"Hak karta &#8211; planer putovanja"}]},{"@type":"WebSite","@id":"https:\/\/odabrano.com\/#website","url":"https:\/\/odabrano.com\/","name":"odabrano","description":"news portal koji nudi odabrane vijesti i informacije","publisher":{"@id":"https:\/\/odabrano.com\/#\/schema\/person\/460f2b14657879743f23c4f6a7cd3236"},"alternateName":"vijesti i informacije iz Hrvatske i svijeta","potentialAction":[{"@type":"SearchAction","target":{"@type":"EntryPoint","urlTemplate":"https:\/\/odabrano.com\/?s={search_term_string}"},"query-input":"required name=search_term_string"}],"inLanguage":"en-US"},{"@type":["Person","Organization"],"@id":"https:\/\/odabrano.com\/#\/schema\/person\/460f2b14657879743f23c4f6a7cd3236","name":"admin","image":{"@type":"ImageObject","inLanguage":"en-US","@id":"https:\/\/odabrano.com\/#\/schema\/person\/image\/","url":"https:\/\/odabrano.com\/wp-content\/uploads\/2024\/04\/dolar.jpg","contentUrl":"https:\/\/odabrano.com\/wp-content\/uploads\/2024\/04\/dolar.jpg","width":1216,"height":519,"caption":"admin"},"logo":{"@id":"https:\/\/odabrano.com\/#\/schema\/person\/image\/"},"sameAs":["http:\/\/odabrano.com"]}]}},"_links":{"self":[{"href":"https:\/\/odabrano.com\/index.php\/wp-json\/wp\/v2\/pages\/2278","targetHints":{"allow":["GET"]}}],"collection":[{"href":"https:\/\/odabrano.com\/index.php\/wp-json\/wp\/v2\/pages"}],"about":[{"href":"https:\/\/odabrano.com\/index.php\/wp-json\/wp\/v2\/types\/page"}],"author":[{"embeddable":true,"href":"https:\/\/odabrano.com\/index.php\/wp-json\/wp\/v2\/users\/1"}],"replies":[{"embeddable":true,"href":"https:\/\/odabrano.com\/index.php\/wp-json\/wp\/v2\/comments?post=2278"}],"version-history":[{"count":12,"href":"https:\/\/odabrano.com\/index.php\/wp-json\/wp\/v2\/pages\/2278\/revisions"}],"predecessor-version":[{"id":4420,"href":"https:\/\/odabrano.com\/index.php\/wp-json\/wp\/v2\/pages\/2278\/revisions\/4420"}],"wp:attachment":[{"href":"https:\/\/odabrano.com\/index.php\/wp-json\/wp\/v2\/media?parent=2278"}],"curies":[{"name":"wp","href":"https:\/\/api.w.org\/{rel}","templated":true}]}}