{"version":"1.0","provider_name":"odabrano","provider_url":"https:\/\/odabrano.com","author_name":"admin","author_url":"https:\/\/odabrano.com\/index.php\/author\/sokolneno_u3xb387h\/","title":"Napad na policiju u BiH ocijenjen kao terorizam - odabrano","type":"rich","width":600,"height":338,"html":"<blockquote class=\"wp-embedded-content\" data-secret=\"VsKucXQaOT\"><a href=\"https:\/\/odabrano.com\/index.php\/2024\/10\/25\/napad-na-policiju-u-bih-ocijenjen-kao-terorizam\/\">Napad na policiju u BiH ocijenjen kao terorizam<\/a><\/blockquote><iframe sandbox=\"allow-scripts\" security=\"restricted\" src=\"https:\/\/odabrano.com\/index.php\/2024\/10\/25\/napad-na-policiju-u-bih-ocijenjen-kao-terorizam\/embed\/#?secret=VsKucXQaOT\" width=\"600\" height=\"338\" title=\"&#8220;Napad na policiju u BiH ocijenjen kao terorizam&#8221; &#8212; odabrano\" data-secret=\"VsKucXQaOT\" frameborder=\"0\" marginwidth=\"0\" marginheight=\"0\" scrolling=\"no\" class=\"wp-embedded-content\"><\/iframe><script type=\"text\/javascript\">\n\/* <![CDATA[ *\/\n\/*! This file is auto-generated *\/\n!function(d,l){\"use strict\";l.querySelector&&d.addEventListener&&\"undefined\"!=typeof URL&&(d.wp=d.wp||{},d.wp.receiveEmbedMessage||(d.wp.receiveEmbedMessage=function(e){var t=e.data;if((t||t.secret||t.message||t.value)&&!\/[^a-zA-Z0-9]\/.test(t.secret)){for(var s,r,n,a=l.querySelectorAll('iframe[data-secret=\"'+t.secret+'\"]'),o=l.querySelectorAll('blockquote[data-secret=\"'+t.secret+'\"]'),c=new RegExp(\"^https?:$\",\"i\"),i=0;i<o.length;i++)o[i].style.display=\"none\";for(i=0;i<a.length;i++)s=a[i],e.source===s.contentWindow&&(s.removeAttribute(\"style\"),\"height\"===t.message?(1e3<(r=parseInt(t.value,10))?r=1e3:~~r<200&&(r=200),s.height=r):\"link\"===t.message&&(r=new URL(s.getAttribute(\"src\")),n=new URL(t.value),c.test(n.protocol))&&n.host===r.host&&l.activeElement===s&&(d.top.location.href=t.value))}},d.addEventListener(\"message\",d.wp.receiveEmbedMessage,!1),l.addEventListener(\"DOMContentLoaded\",function(){for(var e,t,s=l.querySelectorAll(\"iframe.wp-embedded-content\"),r=0;r<s.length;r++)(t=(e=s[r]).getAttribute(\"data-secret\"))||(t=Math.random().toString(36).substring(2,12),e.src+=\"#?secret=\"+t,e.setAttribute(\"data-secret\",t)),e.contentWindow.postMessage({message:\"ready\",secret:t},\"*\")},!1)))}(window,document);\n\/\/# sourceURL=https:\/\/odabrano.com\/wp-includes\/js\/wp-embed.min.js\n\/* ]]> *\/\n<\/script>\n","thumbnail_url":"http:\/\/odabrano.com\/wp-content\/uploads\/2024\/10\/bhpolicija.webp","thumbnail_width":970,"thumbnail_height":558,"description":"Napad u kojemu je u sjeverozapadnom dijelu BiH maloljetnik ubio jednoga policajca, a drugog ranio no\u017eem okarakteriziran je kao terorizam. \u201cTu\u017eiteljstvo je ocijenilo da u tome doga\u0111aju postoje obilje\u017eja terorizma. Istragom \u0107e se utvrditi uzroci i motivi&#8221;, rekao je za lokalne medije u BiH glasnogovornik ministarstva unutarnjih poslova Unsko-sanske \u017eupanije Adnan Beganovi\u0107. Na ulicama Bosanske &hellip;"}

Napad u kojemu je u sjeverozapadnom dijelu BiH maloljetnik ubio jednoga policajca, a drugog ranio nožem okarakteriziran je kao terorizam. “Tužiteljstvo je ocijenilo da u tome događaju postoje obilježja terorizma. Istragom će se utvrditi uzroci i motivi&#8221;, rekao je za lokalne medije u BiH glasnogovornik ministarstva unutarnjih poslova Unsko-sanske županije Adnan Beganović. Na ulicama Bosanske &hellip;
