{"version":"1.0","provider_name":"odabrano","provider_url":"https:\/\/odabrano.com","author_name":"admin","author_url":"https:\/\/odabrano.com\/index.php\/author\/sokolneno_u3xb387h\/","title":"Ukrajinske snage povukle se iz dijela \u010casiv Jara - odabrano","type":"rich","width":600,"height":338,"html":"<blockquote class=\"wp-embedded-content\" data-secret=\"fQ45oIdER0\"><a href=\"https:\/\/odabrano.com\/index.php\/2024\/07\/04\/ukrajinske-snage-povukle-se-iz-dijela-casiv-jara\/\">Ukrajinske snage povukle se iz dijela \u010casiv Jara<\/a><\/blockquote><iframe sandbox=\"allow-scripts\" security=\"restricted\" src=\"https:\/\/odabrano.com\/index.php\/2024\/07\/04\/ukrajinske-snage-povukle-se-iz-dijela-casiv-jara\/embed\/#?secret=fQ45oIdER0\" width=\"600\" height=\"338\" title=\"&#8220;Ukrajinske snage povukle se iz dijela \u010casiv Jara&#8221; &#8212; odabrano\" data-secret=\"fQ45oIdER0\" frameborder=\"0\" marginwidth=\"0\" marginheight=\"0\" scrolling=\"no\" class=\"wp-embedded-content\"><\/iframe><script type=\"text\/javascript\">\n\/* <![CDATA[ *\/\n\/*! This file is auto-generated *\/\n!function(d,l){\"use strict\";l.querySelector&&d.addEventListener&&\"undefined\"!=typeof URL&&(d.wp=d.wp||{},d.wp.receiveEmbedMessage||(d.wp.receiveEmbedMessage=function(e){var t=e.data;if((t||t.secret||t.message||t.value)&&!\/[^a-zA-Z0-9]\/.test(t.secret)){for(var s,r,n,a=l.querySelectorAll('iframe[data-secret=\"'+t.secret+'\"]'),o=l.querySelectorAll('blockquote[data-secret=\"'+t.secret+'\"]'),c=new RegExp(\"^https?:$\",\"i\"),i=0;i<o.length;i++)o[i].style.display=\"none\";for(i=0;i<a.length;i++)s=a[i],e.source===s.contentWindow&&(s.removeAttribute(\"style\"),\"height\"===t.message?(1e3<(r=parseInt(t.value,10))?r=1e3:~~r<200&&(r=200),s.height=r):\"link\"===t.message&&(r=new URL(s.getAttribute(\"src\")),n=new URL(t.value),c.test(n.protocol))&&n.host===r.host&&l.activeElement===s&&(d.top.location.href=t.value))}},d.addEventListener(\"message\",d.wp.receiveEmbedMessage,!1),l.addEventListener(\"DOMContentLoaded\",function(){for(var e,t,s=l.querySelectorAll(\"iframe.wp-embedded-content\"),r=0;r<s.length;r++)(t=(e=s[r]).getAttribute(\"data-secret\"))||(t=Math.random().toString(36).substring(2,12),e.src+=\"#?secret=\"+t,e.setAttribute(\"data-secret\",t)),e.contentWindow.postMessage({message:\"ready\",secret:t},\"*\")},!1)))}(window,document);\n\/\/# sourceURL=https:\/\/odabrano.com\/wp-includes\/js\/wp-embed.min.js\n\/* ]]> *\/\n<\/script>\n","thumbnail_url":"https:\/\/odabrano.com\/wp-content\/uploads\/2024\/07\/ukraina.jpeg","thumbnail_width":988,"thumbnail_height":593,"description":"Ukrajinska vojska u \u010detvrtak je objavila da su se njezine trupe povukle iz dijela \u010casiv Jara u isto\u010dnoj regiji Donjeck, dan nakon \u0161to je Rusija izvijestila da su njezine snage preuzele kontrolu nad dijelom toga strate\u0161ki va\u017enog grada. \u010casiv Jar nalazi se na uzvisini. Uspostave li ruske snage potpunu kontrolu nad gradom, u budu\u0107nosti bi &hellip;"}

Ukrajinske snage povukle se iz dijela Časiv Jara - odabrano

<blockquote class="wp-embedded-content" data-secret="fQ45oIdER0"><a href="https://odabrano.com/index.php/2024/07/04/ukrajinske-snage-povukle-se-iz-dijela-casiv-jara/">Ukrajinske snage povukle se iz dijela Časiv Jara</a></blockquote><iframe sandbox="allow-scripts" security="restricted" src="https://odabrano.com/index.php/2024/07/04/ukrajinske-snage-povukle-se-iz-dijela-casiv-jara/embed/#?secret=fQ45oIdER0" width="600" height="338" title="&#8220;Ukrajinske snage povukle se iz dijela Časiv Jara&#8221; &#8212; odabrano" data-secret="fQ45oIdER0" frameborder="0" marginwidth="0" marginheight="0" scrolling="no" class="wp-embedded-content"></iframe><script type="text/javascript">
/* <![CDATA[ */
/*! This file is auto-generated */
!function(d,l){"use strict";l.querySelector&&d.addEventListener&&"undefined"!=typeof URL&&(d.wp=d.wp||{},d.wp.receiveEmbedMessage||(d.wp.receiveEmbedMessage=function(e){var t=e.data;if((t||t.secret||t.message||t.value)&&!/[^a-zA-Z0-9]/.test(t.secret)){for(var s,r,n,a=l.querySelectorAll('iframe[data-secret="'+t.secret+'"]'),o=l.querySelectorAll('blockquote[data-secret="'+t.secret+'"]'),c=new RegExp("^https?:$","i"),i=0;i<o.length;i++)o[i].style.display="none";for(i=0;i<a.length;i++)s=a[i],e.source===s.contentWindow&&(s.removeAttribute("style"),"height"===t.message?(1e3<(r=parseInt(t.value,10))?r=1e3:~~r<200&&(r=200),s.height=r):"link"===t.message&&(r=new URL(s.getAttribute("src")),n=new URL(t.value),c.test(n.protocol))&&n.host===r.host&&l.activeElement===s&&(d.top.location.href=t.value))}},d.addEventListener("message",d.wp.receiveEmbedMessage,!1),l.addEventListener("DOMContentLoaded",function(){for(var e,t,s=l.querySelectorAll("iframe.wp-embedded-content"),r=0;r<s.length;r++)(t=(e=s[r]).getAttribute("data-secret"))||(t=Math.random().toString(36).substring(2,12),e.src+="#?secret="+t,e.setAttribute("data-secret",t)),e.contentWindow.postMessage({message:"ready",secret:t},"*")},!1)))}(window,document);
//# sourceURL=https://odabrano.com/wp-includes/js/wp-embed.min.js
/* ]]> */
</script>

Ukrajinska vojska u četvrtak je objavila da su se njezine trupe povukle iz dijela Časiv Jara u istočnoj regiji Donjeck, dan nakon što je Rusija izvijestila da su njezine snage preuzele kontrolu nad dijelom toga strateški važnog grada. Časiv Jar nalazi se na uzvisini. Uspostave li ruske snage potpunu kontrolu nad gradom, u budućnosti bi &hellip;
